s 0 - 1 - (-6 + (-6 - -7))?
4
What is 1 + 1 + -11 + 7?
-2
What is -11 + 7 + (-7 - -4 - -4)?
-3
What is the value of -3 + -1 - (-8 - -4)?
0
What is the value of -6 - (-8 + 4) - -7?
5
Calculate -6 + -3 + 8 + 7.
6
Calculate -3 + (-2 - 0) + -2 + 6.
-1
1 - ((-1 - 5) + 10)
-3
What is the value of (9 - -7) + -10 + -2?
4
Evaluate (-8 - -7) + -3 + 1 + 3.
0
Calculate 9 - (-6 + (2 - -1 - -3)).
9
-10 - (-1 + -7 - (1 + -4))
-5
-1 - (2 + 2 - 4)
-1
(-1 - -1) + (-10 - -8)
-2
2 + (-6 - (-5 + 3))
-2
Calculate -3 + (1 + -1 - 0) - -4.
1
-1 - -3 - (8 + (-6 - 0))
0
Evaluate -1 + (-3 + 2 - 3).
-5
-3 - -5 - (0 + 4)
-2
Calculate -16 + 5 + 5 + 3 + 0.
-3
What is 4 - (2 - -2 - -5)?
-5
What is the value of -2 + 1 - (-13 - -15)?
-3
What is the value of -3 + (2 - (2 - -2))?
-5
2 - (-2 - -3 - -5)
-4
Evaluate (2 - 5) + 0 + -2 - -10.
5
Evaluate -9 + (3 - (5 + -6)).
-5
What is (4 - 1) + (0 - (11 - 5))?
-3
-4 - (-1 + (1 - 1))
-3
Evaluate (1 + 1 - (60 - 48)) + 2.
-8
What is the value of 7 + (-3 - 4 - -5 - 5)?
0
What is the value of 8 + -6 + -1 + 4?
5
9 + 3 - (7 + -1 + -1)
7
Calculate -6 + 22 + 2 + -10.
8
What is (7 - 22) + 9 + 1?
-5
What is the value of -6 + -11 + 15 - -12?
10
Evaluate (2 - (-4 - -2 - -1)) + 1.
4
Evaluate 3 - ((1 - 7) + -2 - -5).
6
(1 - 6) + -6 + 5
-6
Evaluate 4 - (7 + -3 + 1 + 0).
-1
What is 4 + -7 + (-4 - -4) + -2?
-5
Calculate 11 + -6 - (3 - -10).
-8
What is 1 + -1 + -2 + 7?
5
What is the value of -1 + -1 + 1 + 4?
3
-1 - 1 - (0 - (5 + -2))
1
Evaluate 4 + (10 - 14 - -8).
8
Calculate 4 - (-4 - -4) - (-1 - 2).
7
Evaluate 3 - (-3 - -6) - 2 - -3.
1
(1 - 4) + -7 + 6
-4
Calculate (-12 + 8 - -4) + (0 - 2).
-2
8 + (2 - 2) + -3 - 1
4
1 + (-9 - 1) + 12
3
-12 + 7 + (-1 - -2)
-4
Evaluate 5 + -4 + 3 + -5.
-1
3 - (-3 + 9 - 2 - 2)
1
3 + (-4 + 0 - (-16 + 21))
-6
What is -12 + (-1 - -6) - -9?
2
What is the value of 0 - (-5 + 4 - -2 - 2)?
1
What is -174 + 161 - (-2 + -7)?
-4
2 - ((0 + 0 - 0) + -3)
5
What is the value of (-6 + 4 - (3 + -1)) + 2?
-2
Calculate 1 + 1 + -2 - (9 - 7).
-2
Calculate 2 + (4 - 3) + (9 - 11).
1
Evaluate 0 + 0 + 4 + (333 - 329).
8
What is the value of -1 + (-7 - 0) - -14?
6
-1 + (-4 - (-10 - -6)) - -5
4
(-9 - -5) + 0 - -1
-3
Evaluate -2 - (-1 - (-2 + -2) - 1).
-4
Evaluate 2 + -3 + 4 + -7 + 7.
3
Evaluate 4 - 1 - (-1 + -2 + 3).
3
What is -3 + 7 + (-15 - -13)?
2
What is the value of 1 + (0 - 2 - -6)?
5
Calculate -1 - (-5 - (-6 + (-1 - -4))).
1
What is 5 - (10 - (4 - 0))?
-1
Evaluate 6 + -7 + 2 + -5.
-4
Evaluate -34 + 26 - (1 - 5).
-4
Evaluate 1 - 5 - (3 - (-5 + 12)).
0
What is the value of (1 - (0 - (4 - 10))) + 2?
-3
-8 + (7 - 4) + 1
-4
What is -4 + -4 + 7 + -2 + 5?
2
What is 2 + -6 + (1 - 2)?
-5
What is -9 - (-6 + (1 - (-8 + 6)))?
-6
Evaluate (21 - 18) + (1 - (3 + -2)).
3
(1 + -4 - -9 - 2) + -8
-4
Evaluate (-6 - (3 + -6)) + (1 - 0).
-2
Evaluate -6 - 0 - -9 - 5.
-2
What is the value of -12 - -7 - (-10 + 2 + -2)?
5
What is -1 - (-5 - -10 - 7) - 6?
-5
-4 + -4 + 1 + 8
1
Calculate (6 - (9 + -3)) + -3.
-3
What is the value of 12 + 0 + -9 + 0?
3
What is the value of (13 - 14) + -2 - 2?
-5
What is the value of 5 - (0 - (-3 - -2))?
4
What is the value of -13 - (8 + (-12 - 7))?
-2
-2 + 1 + -7 + (-8 - -12)
-4
Evaluate (-3 + 7 - 9) + 1 + 4.
0
What is 2 + -17 + 17 - (0 + 1)?
1
What is the value of -31 - (-7 + -9) - (-7 - 1)?
-7
What is 5 + (-3 - 0) + 1 + 1?
4
-4 - 3 - -9 - 5 - 1
-4
What is 0 + -3 + (2 - -2)?
1
What is -4 + -2 + (0 - -9) + -3?
0
What is the value of -1 + -4 + 9 - -1?
5
Evaluate 1 - ((-18 - -27) + 0 + -4).
-4
Evaluate -14 - -5 - -16 - 9.
-2
Calculate 1 + 6 + 10 + -9.
8
Calculate -8 + 1 + 133 + -129.
-3
Calculate -6 + 2 + 2 - 2.
-4
2 + 2 - (-7 + 9)
2
Calculate 6 + -1 + -13 + 13.
5
Calculate 4 - (-1 + (-2 - -5) + 0).
2
Calculate (0 + -12 - -16) + -7.
-3
Evaluate (11 + -12 - (-2 - 0)) + -9.
-8
Evaluate -2 - ((-1 - -10) + -14).
3
What is 1 - (-4 - -6 - -2)?
-3
Evaluate (-3 - 1) + 4 + -8 + 3.
-5
What is -5 + (0 - -1) - 0?
-4
Calculate 2 - (0 + (-5 - -3 - -8)).
-4
What is the value of -12 - -7 - -4 - -3?
2
Calculate 1 - 1 - -3 - (-3 + 4).
2
What is -2 + 3 - (19 + -17) - -6?
5
What is the value of (-4 - 4) + 1 + 2?
-5
What is the value of -9 - (-12 + -7) - 6?
4
What is 4 - (7 - 6 - -8)?
-5
Calculate 4 + (1 - (0 + 3)).
2
What is (0 - 1) + 6 + -3 + -3?
-1
Calculate 5 + (-4 - 14) - (8 - 14).
-7
Evaluate (-8 - (3 - 4)) + 4.
-3
What is the value of -6 - (-3 + 0) - -2?
-1
Calculate -2 - (0 - (4 + -3) - -1).
-2
What is (4 - (0 - -1)) + 0?
3
-3 + 4 + -4 + -2 + 1
-4
Calculate -8 + (-5 - -6) + 3 - 0.
-4
Calculate (1 - 1 - (-2 - -3)) + -1.
-2
What is -4 - (-3 - 3) - 5 - 7?
-10
Calculate (-10 - 2) + 33 + -29.
-8
What is the value of -5 - ((4 - 1) + -13)?
5
Evaluate 2 - (2 + 1) - (18 + -19).
0
What is the value of 10 + -1 + 0 - (1 + 3)?
5
(10 - 4) + (0 - 3)
3
Evaluate -2 + -2 + 4 + -2 + 0.
-2
Evaluate -7 + (8 + -9 - (-3 - 2)).
-3
-5 - (-4 + -12 + 11)
0
What is 5 - (2 + -6 + 6)?
3
Evaluate (-1 - (-7 - 2)) + -10.
-2
What is the value of (-8 - -2) + 12 + 3 + -3?
6
What is the value of 19 - 7 - 6 - 12?
-6
(0 - -2) + 0 + (5 - 3)
4
What is -1 + 1 + 9 + -7 - 1?
1
Evaluate 0 + 0 + -8 + 6.
-2
Evaluate 63 - 56 - (2 - 3 - -5).
3
Evaluate -3 + (-2 - -4 - -2) + 3.
4
Calculate -1 + (18 - 20) - (0 - 1).
-2
Evaluate 2 + -4 - (0 - 2).
0
Evaluate 0 - -4 - (-40 + 44).
0
(-2 - (3 + -2)) + (7 - 1)
3
Calculate -2 + (6 - 15) + 6.
-5
What is 9 + (0 - (3 - -1))?
5
What is the value of 4 - (-3 + 4 + (10 - 5))?
-2
Evaluate -1 + -11 + 24 - 11.
1
-15 - (-21 - -6 - -11)
-11
(3 - 1) + -1 + 267 + -267
1
What is the value of 1 + -1 + (-16 - -18)?
2
What is the value of (-1 - (1 - -6)) + 140 + -136?
-4
What is the value of 4 - 1 - -1 - (163 - 158)?
-1
-8 + (-7 - (3 - 19)) + -11
-10
What is -4 + 8 + (-7 - (1 + -5))?
1
Calculate -50 - -53 - (1 + (1 - 1)).
2
Evaluate 1 + 1 - (-3 + 10 + 0).
-5
Calculate 2 + -8 + 4 + 2 + 6.
6
Calculate (6 - (4 - (0 + 0))) + 8.
10
Evaluate (-11 - -5 - -10) + (0 - -1).
5
What is -54 + 38 - (2 + -11)?
-7
Calculate 5 - 13 - 3 - (1 - 6).
-6
What is (-13 - (2 + -9) - -4) + 8?
6
What is (6 - -7) + -13 - (-3 + 0)?
3
Calculate -4 + -3 + 11 + -8.
-4
Calculate (-13 - (1 + -10)) + 8 + 1.
5
Evaluate 14 + (-1 - 7) + 4 + -3.
7
What is the value of -9 - -1 - -16 - 7?
1
What is the value of 5 + (1 - 0) + 0 - 1?
5
What is the value of 0 - -1 - (-67 - -66)?
2
What is the value of 2 + (-3 - -2) - 3 - -6?
4
Calculate -6 - (-2 + (4 - 0)).
-8
Evaluate 5 + (0 - 0 - (-7 - -14)).
-2
Calculate 8 + -18 + 8 - 7.
-9
-4 - -4 - 6 - -2
-4
Evaluate -1 - 15 - -18 - (-3 + 1).
4
What is the value of -3 - 0 - (-17 + 7 + 3)?
4
What is the value of -4 - -2 - (-1 + 3)?
-4
Evaluate 1 + -1 + -2 - 1.
-3
Calculate -4 + -4 + 3 + 0.
-5
What is -8 - (3 - (-6 - -13))?
-4
Evaluate -1 + 5 - -1 - 1 - 3.
1
What is -7 - (-4 - 14) - 7?
4
Calculate (-7 - -2 - -3) + 7.
5
What is 0 + 4 + (8 - 7)?
5
4 + 1 - (-3 + 0 + -3)
11
What is -4 - -5 - 5 - -6?
2
What is 4 + 2 + (-7 - 0)?
-1
Evaluate 3 + 4 + -10 + 6.
3
Calculate 10 + (-11 - (-19 - -9)).
9
What is -5 + 1 + (5 - 3)?
-2
Evaluate 4 - 6 - 2 - -4.
0
What is the value of -4 - -2 - (-8 - -5) - 0?
1
Calculate (1 - 0) + -4 + -2.
-5
(-5 - (-5 - -3)) + 8 - 6
-1
What is -2 + -1 - (3 + (-3 - 1))?
-2
What is the value of 4 + -5 - (-3 + (0 - -1))?
1
What is the value of 2 - (-1 - -3 - -3)?
-3
What is the value of -1 + 3 + (-7 - 1) - 2?
-8
Calculate -1 - 3 - -4 - 3.
-3
Calculate (2 - 9) + 27 + -24.
-4
-9 + 7 + -4 + 2
-4
-4 - (2 + (-14 - -2))
6
Evaluate -6 - ((2 - 2) + -2 - -1).
-5
What is the value of 6 + (7 + -6 - 0 - 8)?
-1
What is the value of -1 + -2 + -1 + 8?
4
What is 3 + -1 + 6 + -4?
4
1 - (-2 + 1 + (-2 - -4))
0
Calculate -10 - (7 - -1 - 17).
-1
Evaluate 4 - (-4 + 12 + 2 - 7).
1
What is (7 - 4) + -1 + 1?
3
6 + -1 - (-2 - 20 - -24)
3
What is the value of 0 + 14 + -21 + (0 - -6)?
-1
What is 0 - 8 - (-3 + -4 + 4)?
-5
-9 + 3 + (4 - 0) + -1
-3
What is 4 + -2 + 0 + 0 + -1?
1
(2 - 0) + (-1 - 6) + 10
5
Calculate 1 + 4 + (-2 - -1).
4
Evaluate 10 + -9 - (1 + -6 + 2).
4
Calculate 0 - (2 - (3 - 2)).
-1
What is the value of -7 + (3 + 4 - 3)?
-3
0 + 4 - (-3 + 5 + 3)
-1
Calculate 53 - 63 - (-2 + -6).
-2
Calculate -12 - (2 - 6) - -3.
-5
What is (0 + 6 - 0) + -3?
3
Calculate 1 - ((-1 - -4) + -3).
1
-2 - ((22 - -1) + -14)
-11
Calculate 6 - (-2 + -3 + (6 - -2)).
3
Evaluate 10 + (-2 - 1 - 3).
4
Calculate (0 